*u**3 - 7*u**2 + 110*u - 519. What is the hundreds digit of m(6)?
2
Suppose -52*n + 48*n + 4*h + 16896 = 0, -3*h = -4*n + 16897. What is the thousands digit of n?
4
Suppose 28*y - 24*y = -1784. Let d = -317 - y. What is the hundreds digit of d?
1
Let k be (1/(-3))/(1/(-3)). Let x(b) = 9*b**3 + 2*b**2 - 2*b + 1. Let m be x(k). Suppose -9*g = -m*g + 53. What is the units digit of g?
3
Suppose -10*t + 50 = -10. Let y be 10 + (t/(-2))/1. Suppose 100 = 3*w + y*w. What is the tens digit of w?
1
Let g(a) = 2*a + 12. Let k be g(-4). Suppose 3*h - 35 = -k*u, -3*u + 14 = -2*u - h. Let y(q) = 5*q - 16. What is the units digit of y(u)?
9
Let p be (2/1)/((-14)/(-35)). Suppose 3535 = 5*l - p*t, -4*l + t + 2804 = 3*t. What is the tens digit of l?
0
Let r(k) = 115*k**3 - 814*k**2 - 4*k + 2. What is the tens digit of r(9)?
6
Let z(u) = 210*u**3 - u**2 + 8*u + 9. Let j be z(-2). Let n = j + 2603. What is the hundreds digit of n?
9
Let z(d) = 447*d + 2464. What is the thousands digit of z(110)?
1
Let z be 5036/14 - 2/(-7). Suppose -12*a + 13*a - z = 0. Suppose -4*p + 2*q = 92 - a, -3*q + 12 = 0. What is the units digit of p?
9
Suppose -4*v = -4*l - 33300, -4*l - 18452 = -5*v + 23174. What is the thousands digit of v?
8
Let l = 237 + -232. Suppose -h + 1380 = 4*h + l*g, -5*h + 1374 = 2*g. What is the units digit of h?
4
Let b be 118 + -115 - (1 + -2). Suppose 3*s - 5 = 4*q - 2*q, 4*q + 3*s - 17 = 0. Suppose b*m - 72 = q*l, m = 6*m + 2*l - 72. What is the tens digit of m?
1
Let v = 122 - 138. Let s(m) = m**3 + 18*m**2 + 6*m - 9. What is the units digit of s(v)?
7
Let m(z) = z**3 - 16*z**2 - 42*z - 48. Suppose -2*o + 4*t + 36 = 0, -4*t + 29 + 15 = 2*o. What is the hundreds digit of m(o)?
7
Let t = -15 - -52. Let z = t - 24. Suppose 0 = y - 87 - z. What is the tens digit of y?
0
Let w be 6/((-24)/(-4)) + 2. Suppose -2*d - w*y = -998, y - 84 = 4*d - 2066. What is the tens digit of d?
9
Let x = 15368 - -38586. What is the ten thousands digit of x?
5
Let q = -15554 - -24891. What is the thousands digit of q?
9
Let f(i) = 10*i**3 - 7*i**2 + 12*i - 12. Let o be f(7). Let w = 2134 - o. What is the tens digit of w/(-45) - 2/(-9)?
2
Let t be 88/6*-7*(-6)/(-4). Let z = t + 108. What is the tens digit of 0 - z - (2 + (1 - 1))?
4
Suppose 0 = 4*x - o - 1, -5*o = -3*x - 9 - 3. Let y(g) = 33*g - 3 + 9 + 50*g. What is the units digit of y(x)?
9
Let o = -39 + 47. Suppose 4404 = 4*i - 4*y, -5*i - 12*y = -o*y - 5523. What is the tens digit of i?
0
Let y(n) be the third derivative of -n**5/30 - 23*n**4/12 + 35*n**3/6 + 35*n**2. What is the units digit of y(-23)?
5
Suppose -5*p - 1 = -1. Suppose p = -f + 32 - 25. Suppose -f*t + 68 = -6*t. What is the tens digit of t?
6
Let q = 9265 + -2493. Suppose 26*x = q + 1496. What is the units digit of x?
8
Let q be 10 + -6 - (-1 + -1 + 1). Suppose -2779 = -4*w + k, q = 10*k - 5*k. What is the units digit of w?
5
Suppose 66 = 3*k - 21. Suppose 3*q + 5*a = k - 10, q = -3*a + 9. What is the tens digit of ((-90 + q)/1)/(-1)?
8
What is the tens digit of ((-96022)/(-26) - (-162)/(-1053)) + -1 + 0?
9
Let x = 78 - -84. Let u = -1 + x. What is the hundreds digit of u?
1
Suppose 0 = 3*n + 4*y - 16147, -3787 = 2*n + y - 14550. What is the hundreds digit of n?
3
Let j = 25430 - 13401. What is the thousands digit of j?
2
What is the ten thousands digit of 32/(-80) + 1780919/35?
5
What is the hundreds digit of (-1 - -13)*392*4/12?
5
Suppose 44*p - 48*p - 4388 = 0. Let w = 1927 + p. What is the hundreds digit of w?
8
Let d be 0 - (-1 + 1 + -86). Let q = -27529 + 27502. Let u = d + q. What is the tens digit of u?
5
Let o(q) = 3*q**2 + 4*q - 9. Suppose 33 - 10 = -5*a + 3*l, 10 = -2*a + 2*l. Let x be o(a). Suppose i - 34 = -x. What is the units digit of i?
1
Let p(f) be the first derivative of -15*f**2/2 + 10*f + 17. Let l be p(-4). Suppose -l + 28 = -u. What is the tens digit of u?
4
Suppose -301 = 8*p + 147. Let g = p + 14. What is the tens digit of 3*(-4)/12*g?
4
Let m(k) = k**3 + 3*k**2 - 12*k - 5. Let o be m(-5). Suppose o*h + 4*i - 39 = 0, -6*i = -4*h - 2*i + 24. Suppose h*y - 95 = 1263. What is the tens digit of y?
9
Let v(a) = a**3 - 74*a**2 + 65*a + 26. What is the thousands digit of v(78)?
9
Let n(k) = k**2 + 4*k - 2. Let h = 80 + -100. Let u be n(h). Let t = u - 117. What is the tens digit of t?
0
Suppose -2*b - s + 79 = 0, -b - 3*s + 24 = -3. Suppose -49*v + 12278 = -b*v. What is the thousands digit of v?
1
Let c = -50 + 117. Suppose 21*u - 62 - 106 = 0. Let v = u + c. What is the units digit of v?
5
Suppose 14*f + 24825 - 117449 = 0. What is the units digit of f?
6
Let n(c) = 4*c - 1. Let x(v) = -16*v - 17. Let f be x(-3). What is the hundreds digit of n(f)?
1
Let w(q) be the third derivative of q**7/720 + 13*q**6/720 - 17*q**5/30 - 3*q**2. Let c(s) be the third derivative of w(s). What is the units digit of c(8)?
9
Let t(f) = -896*f**3 - 11*f**2 - 26*f + 32. What is the ten thousands digit of t(-4)?
5
Suppose -220*g - 261*g = -538*g + 595935. What is the tens digit of g?
5
Let n be (1 - -1) + 13 + -72. Let h(y) = 2*y**3 - 55*y**2 + 26*y - 14. Let j be h(27). Let v = j - n. What is the units digit of v?
6
Suppose 0*y + 64 = 2*y. Let n = y + 13. Let u = n + -38. What is the units digit of u?
7
Let c be 3 - -2 - (-13)/((-78)/5592). Let h = c - -2018. What is the thousands digit of h?
1
Suppose 11*b - 118770 = 196446. What is the hundreds digit of b?
6
Let v(j) = j**3 - 8*j**2 + 4*j + 7. Let f be v(7). Let i = f - -18. Suppose 4*q + 5*x - 677 = 0, -i*x + 15 = -x. What is the tens digit of q?
6
Let z = 68 + -65. Suppose 11 = -z*b + 14*b. What is the hundreds digit of 164/(b/1) - 4?
1
Let q = 10318 + -103. What is the units digit of q?
5
Let a = -834 - -1610. Suppose -2*l - 94 = -a. What is the hundreds digit of l?
3
Let w(v) = v. Let x(b) = -b**3 + 2*b**2 - 6*b - 2. Let f(o) = -4*w(o) - x(o). Let k = 563 - 560. What is the units digit of f(k)?
7
Suppose -3*s + 71 = -28. Suppose 0 = 3*t - s - 363. What is the hundreds digit of t?
1
Let q be (-3865)/(-15) + 6 - (-4)/(-6). Suppose -3 = 4*t - q. What is the tens digit of t?
6
Let c(f) = 68*f + 94. Let h(p) = 22*p + 31. Let x(j) = -2*c(j) + 7*h(j). What is the tens digit of x(4)?
0
Suppose 3*o = -5*a + 24211, -47*o + 5*a + 40365 = -42*o. What is the thousands digit of o?
8
Let f(w) = w**3 - 7*w**2 - 22. Let i be f(10). Let x = -14 + i. What is the units digit of x?
4
Let d(p) = -2*p + 11. Let i be d(5). Let b(o) = 8*o**2 + 1. Let c be b(i). Suppose 0 = c*n - 7*n - 164. What is the tens digit of n?
8
Suppose -5*m = -661 - 219. Suppose 39*c = 43*c - m. What is the tens digit of c?
4
Let i(g) = 2*g**2 + 22*g + 25. Let f be i(-10). Suppose t + 2186 = -4*n + 422, -4*n - 1780 = f*t. What is the units digit of n/(-5) + 6 - (1 - 1)?
4
Suppose 118*u - 1818193 = 43*u + 2887757. What is the ten thousands digit of u?
6
Let l(b) = -6*b**2 - 2 + 10*b**2 + 6*b**3 + 9 - 7*b**3. What is the units digit of l(-5)?
2
Let m be (438/4)/(126/1596). Suppose 0 = -v - 3*g + 84 + m, v - 2*g = 1466. What is the thousands digit of v?
1
Let d(u) = 6*u**2 + 2*u. Let z be d(-1). Suppose -z*k + 1513 = 3*r, 3*k - 486 = -r - 2*k. What is the units digit of r?
1
Let c = 24 + -21. Suppose c*f = 13 + 2. Suppose 5*p - 214 = -3*w, 0*p - 2*p + 382 = f*w. What is the units digit of w?
8
Let g(z) = -z**2 - 11*z + 29. Let n be g(-13). Suppose -n*d - 183 = -0*d. Let k = 16 - d. What is the units digit of k?
7
Let w be 0*(-6)/24*2/2. Suppose w = -5*r + 3*t - 5, -r + 3*r + t - 9 = 0. What is the hundreds digit of 320/r - (24 + -24)?
1
What is the tens digit of 6176 - (14 + (-16 - 9))?
8
What is the units digit of (-9 + 30679/33)*3?
2
What is the hundreds digit of (-36990)/(-7) - 18/441*7?
2
Let j = 43435 - 24739. What is the tens digit of j?
9
Let i be ((-886)/(-8))/((-75)/20 - -4). Suppose 90 = j - 5*m, -5*m - i - 87 = -5*j. What is the hundreds digit of j?
1
Suppose 64 = 5*l + 5*m - 101, -3*l = 5*m - 93. What is the units digit of l?
6
Suppose 3*k = 17 + 10. Suppose -3*a - k = 0, 7*a = t + 2*a - 50. What is the tens digit of t?
3
Suppose 0 = -11*a + 102 - 58. What is the units digit of 8/(a/7*(-140)/(-2920))?
2
Let z(i) = -19*i**3 + 20*i**2 - 40*i - 423. What is the units digit of z(-10)?
7
Suppose 299 = 30*c - 7*c. What is the hundreds digit of (8